, what is 233201 + 13?
233220
In base 12, what is 106662 + -1?
106661
In base 2, what is -100011 + -11000100001?
-11001000100
In base 8, what is -1 - 12674?
-12675
In base 13, what is 5 + 3c845?
3c84a
In base 8, what is -76 + 40603?
40505
In base 9, what is 2 + -84170?
-84167
In base 9, what is -11623 - 4?
-11627
In base 16, what is 1 - -ac5a?
ac5b
In base 2, what is 100 - 1001001110000100?
-1001001110000000
In base 4, what is 1302 + -2233000?
-2231032
In base 16, what is -2 + ef123?
ef121
In base 16, what is ea - -294?
37e
In base 15, what is -3c46 + 11?
-3c35
In base 2, what is 101100110111010101 + 10?
101100110111010111
In base 2, what is -11 - 10100101011100000011?
-10100101011100000110
In base 6, what is -32244013 - 3?
-32244020
In base 14, what is -18a145 - -2?
-18a143
In base 12, what is 5165 + 2?
5167
In base 7, what is -126 - 26106?
-26235
In base 7, what is -2350 + 63?
-2254
In base 11, what is 17982 - -2?
17984
In base 11, what is 2 + 174031?
174033
In base 5, what is -4103 + -344?
-10002
In base 15, what is -159dc - 1?
-159dd
In base 12, what is -61b - -a2?
-539
In base 12, what is 272b0 + 12?
27302
In base 4, what is -11 + 132202223?
132202212
In base 13, what is 1 - 8b3?
-8b2
In base 8, what is -2737135 + 0?
-2737135
In base 16, what is 4 + 518?
51c
In base 2, what is -1010100101000011010110 + 100?
-1010100101000011010010
In base 15, what is -6e + -37?
-a6
In base 14, what is 7b279 + 0?
7b279
In base 3, what is 11 + -220202221?
-220202210
In base 11, what is -311634 - -5?
-31162a
In base 6, what is 1 - 540531?
-540530
In base 5, what is -4 + 12002?
11443
In base 7, what is 52 + 4054?
4136
In base 3, what is 10 - 20212011011?
-20212011001
In base 16, what is 2d77ba + -1?
2d77b9
In base 9, what is 740422 + 4?
740426
In base 16, what is -6ac + 34?
-678
In base 5, what is -143332 + -310?
-144142
In base 15, what is -2 - -21171?
2116e
In base 3, what is -10011 - -2?
-10002
In base 11, what is -83a442 - -4?
-83a439
In base 12, what is -4 - 33757?
-3375b
In base 4, what is 301 - -20312?
21213
In base 3, what is -12 + -200212101201?
-200212101220
In base 14, what is 14 + -12d?
-119
In base 11, what is -1 - 18027?
-18028
In base 7, what is -10 - 35564?
-35604
In base 12, what is -186a033 - -4?
-186a02b
In base 10, what is 1593 - -81?
1674
In base 3, what is -2 + -21011010001?
-21011010010
In base 4, what is -1 + 3010221?
3010220
In base 2, what is 1 + -10001011000001001?
-10001011000001000
In base 4, what is 3331001 + 10?
3331011
In base 12, what is -537 - -28?
-50b
In base 7, what is -5045600 + -2?
-5045602
In base 2, what is 1100111111100000 + 101?
1100111111100101
In base 5, what is 30433233 - -4?
30433242
In base 4, what is 10 + 212222122?
212222132
In base 4, what is -2103 + -13?
-2122
In base 7, what is 3 + 1600601?
1600604
In base 6, what is -401312 - 5?
-401321
In base 16, what is 3 + f0a0?
f0a3
In base 15, what is 1 + -730?
-72e
In base 14, what is 12 - 3663?
-3651
In base 3, what is -12001 - -200110110?
200021102
In base 3, what is 112210122 - 12120?
112121002
In base 3, what is -110021220 - -1001?
-110020212
In base 2, what is -11010 - 10010011011011?
-10010011110101
In base 9, what is 1347254 - -1?
1347255
In base 7, what is -2141240 + 0?
-2141240
In base 9, what is -3104753 - 4?
-3104757
In base 5, what is 3 + 22044?
22102
In base 4, what is -1021 + 101301131?
101300110
In base 9, what is -10687 + -48?
-10746
In base 11, what is 1946 - 27?
191a
In base 2, what is -10100100111 + 10100?
-10100010011
In base 14, what is 947 - -13?
95a
In base 3, what is -20122221120 + 0?
-20122221120
In base 14, what is -45 + -53?
-98
In base 2, what is -10 - 10101011000100?
-10101011000110
In base 3, what is 121101112 - 2?
121101110
In base 11, what is -29a2 + -4?
-29a6
In base 8, what is 2204225 - 0?
2204225
In base 4, what is -10 - 1121003122?
-1121003132
In base 6, what is 1554335 + -4?
1554331
In base 9, what is 15867 - 216?
15651
In base 6, what is -5043 - -5032?
-11
In base 11, what is 1865 + 6?
1870
In base 11, what is -25 - 90683?
-906a8
In base 12, what is 1 + 2a170?
2a171
In base 12, what is 485900 + 2?
485902
In base 15, what is -5b9 - 1?
-5ba
In base 8, what is 0 - -6536?
6536
In base 9, what is 5 - -70382?
70387
In base 12, what is -2455 + -1b?
-2474
In base 13, what is -3 + -1093?
-1096
In base 9, what is -23637025 + 5?
-23637020
In base 11, what is -3 + 140987?
140984
In base 3, what is 1 + 1120200012?
1120200020
In base 3, what is 11200111 + 12222?
11220110
In base 14, what is -20d - -1b0?
-3d
In base 12, what is -375737 + 5?
-375732
In base 5, what is 32120334 + -3?
32120331
In base 14, what is -4 - -3552?
354c
In base 9, what is 5 + -62263?
-62257
In base 6, what is -3 - 144230?
-144233
In base 7, what is -6643 - -20?
-6623
In base 2, what is 10000001 - -100000001?
110000010
In base 15, what is -4a + -183?
-1cd
In base 15, what is -63cc + 26?
-63a6
In base 2, what is -100 - 11100000001110?
-11100000010010
In base 9, what is -14 - -18801?
18776
In base 14, what is -15 - 669?
-680
In base 5, what is 12 - 1241411?
-1241344
In base 7, what is -20366520 + -4?
-20366524
In base 14, what is -2 + 34b0b?
34b09
In base 4, what is 120 + -3130310?
-3130130
In base 9, what is 231061 - -20?
231081
In base 4, what is -202301 - -32?
-202203
In base 7, what is -46 - 636151?
-636230
In base 15, what is 2 - 808e?
-808c
In base 7, what is 45132 - -4?
45136
In base 13, what is 5 - a482?
-a47a
In base 6, what is 434431 + 3?
434434
In base 3, what is -2101202012 + -1?
-2101202020
In base 8, what is 75023 - -1?
75024
In base 7, what is 12 + -30432?
-30420
In base 5, what is -302021 + 100?
-301421
In base 4, what is -3 - -1011022321?
1011022312
In base 7, what is 14512313 - -2?
14512315
In base 15, what is -5 - c8e2?
-c8e7
In base 9, what is -485 - -804?
308
In base 14, what is -22d445 + 3?
-22d442
In base 14, what is -14d66 - 9?
-14d71
In base 4, what is 13223 + -22?
13201
In base 8, what is -7720152 + -2?
-7720154
In base 15, what is 29 + -1ce1?
-1cb7
In base 14, what is -27509 + 4?
-27505
In base 16, what is 1181f - -2?
11821
In base 6, what is -33300 - -4?
-33252
In base 14, what is -4b - 704?
-751
In base 3, what is 121000011112 + -1?
121000011111
In base 13, what is 4 - -60539?
60540
In base 13, what is -153537 + 0?
-153537
In base 16, what is -5 - 39f63?
-39f68
In base 12, what is 1 + 3a97?
3a98
In base 4, what is -1132 + -1230130?
-1231322
In base 7, what is 343311 - 2?
343306
In base 9, what is -153687 - 0?
-153687
In base 13, what is a8bc41 - 2?
a8bc3c
In base 5, what is -22134322 + 2?
-22134320
In base 4, what is -10110 + 22222?
12112
In base 2, what is -11000 - -1001101100?
1001010100
In base 4, what is -100032 - 3030?
-103122
In base 12, what is 182 + -b814?
-b652
In base 13, what is -1531 - -78?
-1486
In base 16, what is -1d66 - 5?
-1d6b
In base 2, what is -101011101010101 + -1101?
-101011101100010
In base 14, what is 3690 + 3d?
36cd
In base 10, what is -15 + -2887?
-2902
In base 16, what is 24 - -120?
144
In base 12, what is 264 - -4?
268
In base 6, what is -2 + 422514?
422512
In base 5, what is 1141 - 131?
1010
In base 7, what is 6642 - -105?
10050
In base 8, what is -120 + -1051?
-1171
In base 6, what is -11001 + 12311?
1310
In base 2, what is -10110001110110 + -10?
-10110001111000
In base 13, what is 896 - -56?
91c
In base 6, what is -3304 - -50?
-3214
In base 5, what is -1104133 - -1043?
-1103040
In base 4, what is -2001 + -133103?
-201110
In base 9, what is -3 - 84282?
-84285
In base 4, what is -2312 + 123002?
120030
In base 8, what is -3043 - -2?
-3041
In base 16, what is 13 - -3028?
303b
In base 10, what is 34718 - 4?
34714
In base 5, what is -2242 + -2232?
-10024
In base 3, what is -11 - -101120101210?
101120101122
In base 9, what is -3423078 - 5?
-3423084
In base 7, what is -4306 + 3?
-4303
In base 11, what is -1000200 - 3?
-1000203
In base 16, what is 1b2 - 29?
189
In base 2, what is 11001 - -100001111011111?
100001111111000
In base 9, what is -4 + 264636?
264632
In base 15, what is -2b - 435?
-461
In base 3, what is 120201001 + 21010?
120222011
In base 4, what is -10 - -2120331?
2120321
In base 3, what is -1011200112 - 10?
-1011200122
In base 12, what is -20 + -16163?
-16183
In base 2, what is 0 + -10001001100001110?
-10